NOAA-Style Climate Reports

Select a Year or Month report
2018: Jan Feb Mar Apr May Jun Jul Aug Sep Oct Nov Dec
2017: Jan Feb Mar Apr May Jun Jul Aug Sep Oct Nov Dec
2016: Jan Feb Mar Apr May Jun Jul Aug Sep Oct Nov Dec
2015: Jan Feb Mar Apr May Jun Jul Aug Sep Oct Nov Dec
2014: Jan Feb Mar Apr May Jun Jul Aug Sep Oct Nov Dec

Report for 2018 January
                   Monthly Climatological Summary for Jan 2018

Name: KCACAMAR4   City: Camarillo   State: California USA
Elevation: 174 ft  Lat: N 34° 13' 52"   Lon: W 119° 01' 48"

                  Temperature (°F), Rain (in), Wind Speed (mph)

                                      Heat  Cool        Avg
    Mean                              Deg   Deg         Wind                 Dom
Day Temp  High   Time   Low    Time   Days  Days  Rain  Speed High   Time    Dir
----------------------------------------------------------------------------------
 1  54.6  71.0   13:01  44.2   05:49  10.8   0.4  0.00   2.6  12.0   14:14     E
 2  57.8  68.8   13:29  49.5   05:55   7.5   0.3  0.00   2.4  10.0   07:40   ENE
 3  62.8  80.5   13:49  51.8   03:11   4.3   2.2  0.00   2.3  14.0   12:29     E
 4  62.1  75.3   12:50  54.7   02:46   4.4   1.5  0.00   2.3  13.0   13:05     E
 5  60.0  70.4   12:14  52.9   07:33   5.5   0.5  0.00   2.5  11.0   12:48   ENE
 6  60.3  69.4   13:00  54.7   07:17   5.2   0.5  0.00   2.0  11.0   14:04    SW
 7  58.6  67.1   15:02  50.3   07:29   6.5   0.1  0.00   1.8  13.0   11:51     S
 8  60.2  64.4   12:07  57.1   07:18   4.8   0.0  0.37   3.1  15.0   18:55   ENE
 9  55.6  62.2   00:19  50.3   23:59   9.4   0.0  0.47   2.7  26.0   05:02     E
10  55.0  65.2   13:27  47.4   06:29  10.0   0.0  0.01   2.5  10.0   07:53     E
11  55.3  67.0   12:06  45.6   06:29   9.9   0.1  0.00   2.2  12.0   12:28     E
12  61.8  73.5   13:24  50.1   04:43   5.5   2.3  0.00   3.2  15.0   20:09     E
13  73.8  83.7   13:56  67.2   00:57   0.0   8.8  0.00   7.0  25.0   10:41     E
14  69.8  84.9   14:00  55.9   21:35   1.6   6.4  0.00   3.4  22.0   09:00     E
15  57.3  66.9   13:08  45.4   05:53   7.8   0.1  0.00   1.1  11.0   10:01   SSW
16  57.8  69.8   14:39  48.2   06:17   7.6   0.4  0.00   2.3  12.0   01:35   ENE
17  59.2  73.9   14:43  50.0   06:45   7.2   1.4  0.00   2.1   9.0   04:45    SE
18  60.7  74.9   14:36  50.8   03:52   6.1   1.9  0.00   1.5  11.0   07:57   ENE
19  57.0  62.9   10:14  48.2   23:59   8.0   0.0  0.00   2.3  15.0   14:58   ENE
20  50.8  64.9   15:01  41.2   06:24  14.2   0.0  0.00   0.8  15.0   12:48    NE
----------------------------------------------------------------------------------
    59.5  84.9    14    41.2    20   136.3  26.9  0.85   2.5  26.0     9       E

Max >=  85.0:  0
Max <=  65.0:  4
Min <=  60.0: 19
Min <=  40.0:  0
Max Rain: 0.47 on day 9
Days of Rain: 3 (>= 0.01 in)  2 (>= 0.10 in)  0 (>= 0.50 in)
Heat Base: 65.0  Cool Base: 65.0  Method: Integration