NOAA-Style Climate Reports


Report for 2019 April
                   Monthly Climatological Summary for Apr 2019

Name: KCACAMAR4   City: Camarillo   State: California USA
Elevation: 174 ft  Lat: N 34° 13' 52"   Lon: W 119° 01' 48"

                  Temperature (°F), Rain (in), Wind Speed (mph)

                                      Heat  Cool        Avg
    Mean                              Deg   Deg         Wind                 Dom
Day Temp  High   Time   Low    Time   Days  Days  Rain  Speed High   Time    Dir
----------------------------------------------------------------------------------
 1  66.7  82.2   11:23  53.2   06:30   3.1   4.8  0.00   3.2  16.0   13:05   SSW
 2  59.9  69.5   12:38  50.2   06:50   6.0   0.8  0.00   3.5  16.0   13:10   WSW
 3  60.1  69.2   12:53  54.9   02:38   5.3   0.4  0.00   2.8  19.0   14:02   WSW
 4  58.9  67.0   12:52  53.5   23:57   6.2   0.1  0.00   2.4  17.0   14:27   WSW
 5  58.5  65.8   13:52  50.6   06:50   6.5   0.0  0.00   2.7  18.0   14:36   WSW
 6  60.8  70.2   12:19  51.9   06:34   5.2   1.0  0.00   2.6  18.0   13:46   WSW
 7  64.4  80.6   14:08  51.1   06:46   4.4   3.9  0.00   2.7  17.0   14:33   SSW
 8  67.8  84.6   12:30  55.8   04:14   2.7   5.5  0.00   2.4  13.0   13:32   SSW
 9  65.7  81.8   15:09  52.6   06:35   3.4   4.1  0.00   4.1  25.0   16:01   WNW
10  61.7  74.6   14:54  48.7   05:13   5.6   2.3  0.00   1.4  14.0   14:36   SSW
11  61.5  75.4   14:18  47.7   06:36   5.9   2.5  0.00   3.5  19.0   15:45   SSW
12  60.0  73.4   14:08  47.6   06:31   6.9   1.9  0.00   3.2  17.0   14:32     W
13  62.1  76.6   13:24  48.3   06:42   5.8   2.8  0.00   3.2  17.0   14:04   WSW
14  58.5  70.5   11:59  48.5   06:40   7.4   0.9  0.00   3.0  16.0   15:48   WSW
15  56.7  65.5   16:07  50.5   06:23   8.3   0.0  0.00   3.1  16.0   13:33   WSW
16  57.9  64.9   16:10  51.1   23:53   7.1   0.0  0.00   2.4  16.0   17:11    SW
17  61.0  76.6   12:22  47.6   05:18   6.4   2.4  0.00   3.9  20.0   13:40    SW
18  64.3  79.1   16:09  50.6   05:53   4.7   4.0  0.00   3.2  15.0   13:41    SW
19  59.6  72.5   13:48  53.7   06:09   6.0   0.6  0.00   3.1  18.0   14:45   WSW
20  57.8  64.6   15:11  54.5   05:37   7.2   0.0  0.00   2.3  14.0   14:40   WSW
21  60.1  68.6   14:56  52.6   23:56   5.5   0.6  0.00   2.9  18.0   13:48   WSW
22  60.3  74.3   15:08  48.3   04:45   6.6   1.9  0.00   3.0  17.0   13:29   WSW
----------------------------------------------------------------------------------
    61.1  84.6     8    47.6    12   126.2  40.5  0.00   2.9  25.0     9     WSW

Max >=  85.0:  0
Max <=  65.0:  2
Min <=  60.0: 22
Min <=  40.0:  0
Max Rain: 0.00 on day 0
Days of Rain: 0 (>= 0.01 in)  0 (>= 0.10 in)  0 (>= 0.50 in)
Heat Base: 65.0  Cool Base: 65.0  Method: Integration