NOAA-Style Climate Reports


Report for 2018 July
                   Monthly Climatological Summary for Jul 2018

Name: KCACAMAR4   City: Camarillo   State: California USA
Elevation: 174 ft  Lat: N 34° 13' 52"   Lon: W 119° 01' 48"

                  Temperature (°F), Rain (in), Wind Speed (mph)

                                      Heat  Cool        Avg
    Mean                              Deg   Deg         Wind                 Dom
Day Temp  High   Time   Low    Time   Days  Days  Rain  Speed High   Time    Dir
----------------------------------------------------------------------------------
 1  69.8  82.3   13:34  61.9   01:39   0.7   5.5  0.00   0.0  13.0   15:16   ---
 2  69.6  80.3   13:46  63.5   05:46   0.4   5.0  0.00   0.0  17.0   14:16   WSW
 3  69.1  81.1   12:02  61.6   23:58   0.7   4.8  0.00   0.0  14.0   12:51   WSW
 4  69.6  83.9   11:17  58.2   03:47   1.9   6.5  0.00   0.1  16.0   13:28   WSW
 5  72.5  91.9   15:12  62.0   06:12   0.7   8.1  0.00   0.0  12.0   12:22   WSW
 6  81.0 104.6   15:05  59.5   06:25   0.7  16.8  0.00   0.0   7.0   11:38   ---
 7  81.4  98.4   11:50  68.6   06:17   0.0  16.4  0.00   0.1  13.0   13:28   WSW
 8  80.0  96.1   14:08  68.4   06:38   0.0  15.0  0.00   0.0  11.0   15:14   WSW
 9  80.5  97.8   13:09  66.2   06:08   0.0  15.5  0.00   0.6  15.0   14:39   WSW
10  77.4  91.2   13:19  66.6   06:32   0.0  11.9  0.00   1.3  14.0   15:44   WSW
11  75.1  86.9   14:09  66.7   06:42   0.0  10.1  0.00   1.3  15.0   16:31   WSW
12  74.8  90.7   12:08  67.0   23:58   0.0   9.8  0.00   1.5  17.0   13:29   WSW
13  72.6  85.7   14:50  64.3   04:20   0.1   7.6  0.00   1.7  16.0   15:30   WSW
14  73.2  87.6   14:39  63.2   06:10   0.2   8.4  0.00   0.9  14.0   14:01   WSW
15  73.4  84.9   15:26  63.2   06:07   0.2   8.6  0.00   0.3  14.0   12:44   WSW
----------------------------------------------------------------------------------
    74.7 104.6     6    58.2     4     5.6 150.0  0.00   0.5  17.0     2     WSW

Max >=  85.0: 10
Max <=  65.0:  0
Min <=  60.0:  2
Min <=  40.0:  0
Max Rain: 0.00 on day 0
Days of Rain: 0 (>= 0.01 in)  0 (>= 0.10 in)  0 (>= 0.50 in)
Heat Base: 65.0  Cool Base: 65.0  Method: Integration