NOAA-Style Climate Reports


Report for 2018 September
                   Monthly Climatological Summary for Sep 2018

Name: KCACAMAR4   City: Camarillo   State: California USA
Elevation: 174 ft  Lat: N 34° 13' 52"   Lon: W 119° 01' 48"

                  Temperature (°F), Rain (in), Wind Speed (mph)

                                      Heat  Cool        Avg
    Mean                              Deg   Deg         Wind                 Dom
Day Temp  High   Time   Low    Time   Days  Days  Rain  Speed High   Time    Dir
----------------------------------------------------------------------------------
 1  69.9  84.2   13:28  57.8   04:53   1.8   6.7  0.00   0.2  14.0   14:35   WSW
 2  71.6  84.1   13:07  60.6   03:09   0.6   7.0  0.00   0.1  12.0   13:58   WSW
 3  70.4  83.0   14:03  63.5   01:11   0.1   5.6  0.00   0.1  16.0   15:54   WSW
 4  68.4  76.6   14:01  65.1   22:41   0.0   3.4  0.00   0.0  11.0   14:59   WSW
 5  67.9  74.5   13:51  65.1   00:21   0.0   3.0  0.00   0.0  10.0   15:53   ---
 6  68.6  77.6   16:02  64.0   04:56   0.2   3.8  0.00   0.0  13.0   14:12    SW
 7  70.4  82.4   14:41  63.2   23:53   0.4   5.8  0.00   0.0   0.0   00:00   ---
 8  70.6  85.3   15:48  60.5   02:43   1.0   6.7  0.00   0.0   9.0   14:07   WSW
 9  68.5  82.0   15:25  58.3   05:49   1.5   5.0  0.00   0.0  11.0   16:03   WSW
10  68.6  80.3   12:56  62.0   07:14   0.8   4.4  0.00   0.1  12.0   12:35   WSW
11  69.1  80.0   15:20  62.5   23:57   0.6   4.7  0.00   0.1  12.0   12:16   WSW
12  69.3  81.7   14:13  60.8   01:25   0.7   4.9  0.00   0.1  14.0   14:29   WSW
13  68.8  83.0   15:07  56.3   04:54   2.3   6.2  0.00   0.1  13.0   16:38   WSW
14  68.8  86.7   14:10  54.1   06:12   2.8   6.7  0.00   0.0  10.0   11:54     W
15  67.3  83.0   13:53  55.3   04:35   3.1   5.5  0.00   0.0  10.0   11:49   WSW
16  67.3  84.9   14:06  53.4   06:32   3.6   6.0  0.00   0.0   9.0   13:10   ---
17  66.2  82.9   13:30  50.2   06:02   4.2   5.4  0.00   0.1  12.0   15:05   WSW
18  64.9  80.4   13:10  52.9   04:41   4.5   4.3  0.00   0.1  12.0   14:52   WSW
19  64.8  80.3   14:33  51.7   04:38   4.4   4.2  0.00   0.0  11.0   15:29   WSW
20  66.8  80.1   14:45  54.6   07:09   3.1   4.9  0.00   0.0  11.0   12:22   WSW
----------------------------------------------------------------------------------
    68.4  86.7    14    50.2    17    35.7 104.2  0.00   0.0  16.0     3     WSW

Max >=  85.0:  2
Max <=  65.0:  0
Min <=  60.0: 10
Min <=  40.0:  0
Max Rain: 0.00 on day 0
Days of Rain: 0 (>= 0.01 in)  0 (>= 0.10 in)  0 (>= 0.50 in)
Heat Base: 65.0  Cool Base: 65.0  Method: Integration