NOAA-Style Climate Reports


Report for 2020 May
                   Monthly Climatological Summary for May 2020

Name: KCACAMAR4   City: Camarillo   State: California USA
Elevation: 174 ft  Lat: N 34° 13' 51"   Lon: W 119° 01' 47"

                  Temperature (°F), Rain (in), Wind Speed (mph)

                                      Heat  Cool        Avg
    Mean                              Deg   Deg         Wind                 Dom
Day Temp  High   Time   Low    Time   Days  Days  Rain  Speed High   Time    Dir
----------------------------------------------------------------------------------
01  64.9  76.6   15:38  53.3   06:22   3.6   3.5  0.00   2.3  15.0   13:01    SW
02  63.7  76.1   14:43  52.7   05:30   4.3   3.0  0.00   2.5  16.0   12:01    SW
03  63.3  74.4   11:25  52.3   05:01   4.7   3.0  0.00   2.4  15.0   13:08    SW
04  66.9  82.7   15:13  51.0   05:57   4.1   6.0  0.00   2.5  14.0   11:27    SW
05  69.0  87.0   15:01  52.3   04:12   3.7   7.7  0.00   2.1  14.0   13:26   WSW
06  72.8  91.4   11:40  54.2   04:45   2.8  10.7  0.00   1.8  12.0   13:17    SW
07  73.4  89.7   11:37  58.0   04:47   1.3   9.8  0.00   2.4  15.0   15:26   WSW
08  67.7  80.1   11:14  55.4   05:15   2.7   5.3  0.00   2.8  16.0   13:29   WSW
09  65.4  76.6   15:52  59.7   06:45   2.3   2.7  0.00   2.4  15.0   16:55   WSW
10  62.4  70.8   11:32  58.5   05:56   3.2   0.7  0.00   2.5  15.0   11:57   WSW
11  63.8  73.1   14:16  58.1   22:03   3.1   1.9  0.00   2.8  18.0   14:29   WSW
12  61.8  71.7   15:46  52.0   05:48   4.8   1.5  0.00   3.4  17.0   14:31   WSW
13  62.3  73.3   16:23  51.0   05:53   5.1   2.4  0.00   2.9  16.0   13:38    SW
14  64.9  78.3   16:18  52.3   04:58   4.3   4.2  0.00   2.7  17.0   13:45    SW
15  65.7  81.3   14:49  54.4   06:18   3.7   4.4  0.00   2.7  15.0   17:34    SW
16  66.6  80.5   14:43  53.5   06:30   3.7   5.2  0.00   3.0  15.0   13:20    SW
17  65.0  77.6   11:07  52.4   05:55   3.6   3.7  0.00   3.0  16.0   12:02   WSW
18  64.7  73.2   15:13  57.1   23:59   2.2   1.9  0.13   3.9  20.0   17:45   WSW
19  60.8  70.5   12:29  49.5   05:03   5.6   1.4  0.00   3.4  21.0   15:23     W
20  62.8  76.0   16:11  50.1   05:44   5.1   2.9  0.00   3.1  18.0   13:07    SW
21  65.7  81.0   14:18  49.9   05:27   4.8   5.6  0.00   2.7  17.0   15:12   WSW
22  63.8  74.9   10:53  53.2   06:33   4.3   3.1  0.00   3.0  21.0   12:53   WSW
23  63.9  73.6   12:30  54.3   01:49   3.8   2.7  0.00   2.5  17.0   15:43   WSW
24  64.0  76.4   15:04  51.4   05:59   4.5   3.5  0.00   2.6  15.0   11:43   WSW
25  66.5  81.6   17:00  52.6   05:23   3.7   5.2  0.00   2.3  14.0   12:31   WSW
----------------------------------------------------------------------------------
    65.3  91.4     6    49.5    19    95.0 102.0  0.13   2.7  21.0    19     WSW

Max >=  85.0  3
Max <=  65.0  0
Min <=  60.0 25
Min <=  40.0  0
Max Rain: 0.13 on day 18
Days of Rain: 1 (>= 0.01 in)  1 (>= 0.10 in)  0 (>= 0.50 in)
Heat Base: 65.0  Cool Base: 65.0  Method: Integration