NOAA-Style Climate Reports


Report for 2020 March
                   Monthly Climatological Summary for Mar 2020

Name: KCACAMAR4   City: Camarillo   State: California USA
Elevation: 174 ft  Lat: N 34 13 51   Lon: W 119 01 47

                  Temperature (°F), Rain (in), Wind Speed (mph)

                                      Heat  Cool        Avg
    Mean                              Deg   Deg         Wind                 Dom
Day Temp  High   Time   Low    Time   Days  Days  Rain  Speed High   Time    Dir
----------------------------------------------------------------------------------
01  54.7  62.2   11:24  48.1   06:55  10.3   0.0  0.00   2.7  18.0   12:22    SW
02  57.7  75.1   15:33  42.3   06:37   9.1   1.8  0.00   3.6  25.0   12:16   ENE
03  60.6  82.3   13:25  44.5   04:17   8.5   4.1  0.00   2.8  14.0   14:39    SE
04  57.1  71.6   11:03  43.8   06:43   8.6   0.7  0.00   2.8  17.0   13:05   WSW
05  58.6  73.3   13:51  51.5   07:35   7.5   1.1  0.00   2.3  12.0   14:02   WSW
06  57.4  69.7   11:48  47.3   06:26   8.2   0.6  0.00   2.6  18.0   12:31   WSW
07  57.4  65.0   12:11  53.1   23:29   7.6   0.0  0.00   2.6  17.0   12:10   WSW
08  55.4  66.5   12:19  45.0   06:25   9.2   0.1  0.00   2.7  16.0   14:16    SW
09  58.0  72.1   14:10  46.5   03:34   7.9   0.9  0.00   3.1  18.0   21:05   ENE
10  61.6  71.5   13:32  56.1   05:13   4.0   0.6  0.12   4.4  19.0   09:58   ESE
11  60.5  69.6   16:05  52.0   06:31   5.4   0.9  0.01   2.0  15.0   14:27    SW
12  54.7  64.3   10:31  48.8   07:01  10.3   0.0  0.43   2.2  22.0   13:24     E
13  54.8  60.0   16:29  52.3   05:46  10.2   0.0  0.64   1.8  10.0   14:51    SE
14  55.9  60.7   16:25  52.8   23:54   9.1   0.0  0.11   1.8  15.0   12:17    SE
15  55.6  62.8   16:09  51.5   04:50   9.4   0.0  0.05   2.1  14.0   14:45    SW
16  52.0  59.4   11:56  44.1   23:36  13.0   0.0  0.72   2.6  23.0   15:20   ESE
17  49.8  61.2   15:15  41.0   05:36  15.2   0.0  0.01   3.0  13.0   08:43   ENE
18  52.4  64.6   15:43  38.9   06:55  12.6   0.0  0.00   3.8  19.0   15:14   WNW
19  52.6  62.9   14:43  43.7   06:39  12.4   0.0  0.00   2.7  16.0   14:24   SSW
20  56.2  64.5   14:00  49.9   04:00   8.8   0.0  0.00   2.5  12.0   09:12     E
21  58.3  66.4   15:00  50.5   06:55   6.9   0.1  0.00   2.7  18.0   15:46    SW
22  57.3  70.6   12:10  48.7   05:44   8.4   0.7  0.69   3.1  13.0   14:59   ENE
23  57.4  65.4   14:24  50.1   07:04   7.6   0.0  0.02   2.3  15.0   12:56   WSW
24  56.8  66.5   12:20  50.2   07:01   8.3   0.0  0.00   2.8  19.0   12:49     W
25  55.5  65.4   14:30  46.0   07:00   9.5   0.0  0.00   4.3  23.0   18:21     W
26  50.5  61.9   14:09  40.4   07:02  14.5   0.0  0.01   3.4  23.0   16:05   WNW
27  52.6  66.7   15:44  39.5   06:59  12.5   0.1  0.00   3.4  20.0   17:06     W
28  55.1  66.3   12:46  43.8   04:54   9.9   0.0  0.00   3.6  17.0   16:56   SSW
----------------------------------------------------------------------------------
    55.9  82.3     3    38.9    18   264.9  11.7  2.81   2.8  25.0     2      SW

Max >=  85.0  0
Max <=  65.0 12
Min <=  60.0 28
Min <=  40.0  2
Max Rain: 0.72 on day 16
Days of Rain: 11 (>= 0.01 in)  6 (>= 0.10 in)  3 (>= 0.50 in)
Heat Base: 65.0  Cool Base: 65.0  Method: Integration