NOAA-Style Climate Reports


Report for 2019 June
                   Monthly Climatological Summary for Jun 2019

Name: KCACAMAR4   City: Camarillo   State: California USA
Elevation: 174 ft  Lat: N 34° 13' 52"   Lon: W 119° 01' 48"

                  Temperature (°F), Rain (in), Wind Speed (mph)

                                      Heat  Cool        Avg
    Mean                              Deg   Deg         Wind                 Dom
Day Temp  High   Time   Low    Time   Days  Days  Rain  Speed High   Time    Dir
----------------------------------------------------------------------------------
 1  59.1  61.6   15:33  56.6   02:48   5.9   0.0  0.01   1.8  11.0   13:32   WSW
 2  61.6  68.1   13:27  58.3   03:09   3.7   0.3  0.00   2.2  12.0   14:08   WSW
 3  62.1  69.7   15:16  58.7   04:54   3.5   0.5  0.00   2.3  16.0   16:18   WSW
 4  62.9  70.6   14:10  59.0   05:36   3.0   1.0  0.00   2.4  16.0   14:39   WSW
 5  63.6  74.0   15:36  59.4   03:07   2.8   1.4  0.00   2.3  15.0   15:58   WSW
 6  63.2  74.0   14:33  59.0   03:32   3.1   1.3  0.00   2.4  15.0   15:04   WSW
 7  62.3  70.5   15:47  56.1   23:57   3.4   0.6  0.00   2.0  13.0   15:18   WSW
 8  64.5  77.1   15:07  52.1   05:52   3.9   3.4  0.00   2.6  16.0   11:18   WSW
 9  66.6  82.2   15:50  54.2   05:33   3.0   4.6  0.00   2.4  14.0   12:41   WSW
10  71.4  89.4   14:30  55.7   05:20   2.1   8.5  0.00   2.2  13.0   11:55   WSW
11  73.1  87.0   12:08  61.4   05:45   0.5   8.6  0.00   2.6  14.0   14:18   WSW
12  67.8  79.6   13:22  61.1   07:01   1.2   4.1  0.00   2.7  15.0   14:05   WSW
13  64.3  73.5   15:31  59.8   02:29   2.4   1.6  0.00   2.7  17.0   15:24   WSW
14  63.7  72.8   14:58  60.1   06:58   2.3   1.0  0.00   2.5  15.0   14:44   WSW
15  64.7  74.4   14:46   0.0   00:01   2.2   1.9  0.00   2.1  16.0   15:15     W
16  62.8  73.0   14:00  57.5   00:56   3.3   1.1  0.00   2.3  16.0   14:42   WSW
17  64.6  73.7   16:05  59.1   04:59   2.3   1.8  0.00   2.4  15.0   15:04   WSW
18  65.0  71.4   13:43  62.2   05:40   1.2   1.2  0.00   2.4  14.0   14:36   WSW
19  66.6  75.5   14:28  62.3   06:07   1.0   2.6  0.00   2.7  16.0   16:25   WSW
20  65.2  72.2   16:05  62.5   07:52   1.0   1.2  0.00   2.6  13.0   17:32   WSW
21  65.1  71.1   14:09  61.6   05:28   1.2   1.3  0.00   2.2  11.0   11:07   WSW
22  66.1  75.3   15:07  60.0   05:51   1.9   3.0  0.00   2.9  16.0   11:38   WSW
23  65.1  74.1   15:56  57.7   06:16   2.4   2.4  0.00   2.6  15.0   11:47   WSW
----------------------------------------------------------------------------------
    64.8  89.4    10     0.0    15    57.3  53.4  0.01   2.4  17.0    13     WSW

Max >=  85.0:  2
Max <=  65.0:  1
Min <=  60.0: 16
Min <=  40.0:  1
Max Rain: 0.01 on day 1
Days of Rain: 1 (>= 0.01 in)  0 (>= 0.10 in)  0 (>= 0.50 in)
Heat Base: 65.0  Cool Base: 65.0  Method: Integration