NOAA-Style Climate Reports


Report for 2019 August
                   Monthly Climatological Summary for Aug 2019

Name: KCACAMAR4   City: Camarillo   State: California USA
Elevation: 174 ft  Lat: N 34° 13' 52"   Lon: W 119° 01' 48"

                  Temperature (°F), Rain (in), Wind Speed (mph)

                                      Heat  Cool        Avg
    Mean                              Deg   Deg         Wind                 Dom
Day Temp  High   Time   Low    Time   Days  Days  Rain  Speed High   Time    Dir
----------------------------------------------------------------------------------
 1  68.4  79.8   14:58  58.2   07:30   1.8   5.2  0.00   2.3  15.0   14:29   WSW
 2  69.6  85.2   15:02  55.1   06:34   2.3   6.9  0.00   2.2  15.0   15:03   WSW
 3  70.4  84.0   15:21  57.9   05:57   1.3   6.7  0.00   2.2  13.0   13:59   WSW
 4  68.2  82.2   15:01  57.3   06:50   1.9   5.2  0.00   2.2  15.0   15:14   WSW
 5  68.4  81.7   14:09  59.4   05:17   1.8   5.3  0.00   2.3  16.0   15:14   WSW
 6  68.3  82.2   15:37  59.0   04:24   2.0   5.2  0.00   2.3  15.0   14:01   WSW
 7  66.5  78.0   14:48  59.3   04:42   2.2   3.7  0.00   2.3  14.0   11:26   WSW
 8  65.9  80.9   14:36  56.4   05:43   3.0   3.9  0.00   2.1  15.0   14:40   WSW
 9  67.3  79.8   14:32  56.3   05:00   2.5   4.8  0.00   2.5  15.0   13:42   WSW
10  66.8  78.5   13:47  56.1   05:52   2.5   4.4  0.00   2.8  17.0   14:14    SW
11  68.0  80.3   15:17  57.6   06:29   1.8   4.8  0.00   2.4  20.0   15:36   WSW
12  67.9  78.9   13:02  56.9   06:05   2.0   4.9  0.00   2.4  15.0   12:01   WSW
13  67.6  79.1   13:58  60.4   05:32   1.6   4.2  0.00   2.2  13.0   14:20   WSW
14  67.6  83.6   14:47  58.9   23:54   2.2   4.8  0.00   2.1  12.0   12:10   WSW
15  66.3  80.5   14:28  57.8   00:52   2.8   4.1  0.00   2.2  12.0   12:11    SW
16  67.0  77.5   13:29  60.5   00:17   1.7   3.6  0.00   2.6  16.0   12:58   WSW
17  68.3  76.8   12:28  63.1   22:09   0.5   3.8  0.00   2.7  16.0   14:08   WSW
18  69.0  78.5   13:38  61.1   23:58   0.6   4.5  0.00   2.5  15.0   14:22   WSW
19  67.3  78.9   14:32  57.4   04:32   2.2   4.6  0.00   2.6  17.0   13:38   WSW
----------------------------------------------------------------------------------
    67.8  85.2     2    55.1     2    36.7  90.6  0.00   2.4  20.0    11     WSW

Max >=  85.0:  1
Max <=  65.0:  0
Min <=  60.0: 15
Min <=  40.0:  0
Max Rain: 0.00 on day 0
Days of Rain: 0 (>= 0.01 in)  0 (>= 0.10 in)  0 (>= 0.50 in)
Heat Base: 65.0  Cool Base: 65.0  Method: Integration