NOAA-Style Climate Reports


Report for 2020 August
                   Monthly Climatological Summary for Aug 2020

Name: KCACAMAR4   City: Camarillo   State: California USA
Elevation: 174 ft  Lat: N 34° 13' 51"   Lon: W 119° 01' 47"

                  Temperature (°F), Rain (in), Wind Speed (mph)

                                      Heat  Cool        Avg
    Mean                              Deg   Deg         Wind                 Dom
Day Temp  High   Time   Low    Time   Days  Days  Rain  Speed High   Time    Dir
----------------------------------------------------------------------------------
01  70.2  85.1   14:06  53.0   06:22   2.8   8.0  0.00   2.3  15.0   11:53   WSW
02  69.2  81.1   16:53  58.3   06:48   1.7   5.9  0.00   2.4  15.0   13:21   WSW
03  68.1  79.4   17:18  58.0   04:57   2.1   5.2  0.00   2.3  14.0   13:43   WSW
04  67.8  78.0   15:16  60.7   23:55   1.2   3.9  0.00   2.3  15.0   15:31   WSW
05  66.2  77.7   15:05  59.6   23:53   2.2   3.4  0.00   2.2  16.0   15:58   WSW
06  66.9  78.2   12:12  57.1   03:01   2.5   4.4  0.00   2.3  17.0   13:07   WSW
07  66.4  78.9   15:55  54.6   06:45   3.2   4.6  0.00   2.4  16.0   14:00   WSW
08  67.3  78.9   15:51  57.2   03:41   2.5   4.8  0.00   2.1  14.0   11:31   WSW
09  66.7  78.9   16:05  55.5   04:41   2.9   4.6  0.00   2.1  14.0   11:53   WSW
10  65.6  78.2   13:30  55.4   03:09   3.1   3.7  0.00   2.0  15.0   13:58   WSW
11  64.9  76.9   15:56  55.5   02:22   3.5   3.5  0.00   1.9  15.0   13:09   WSW
----------------------------------------------------------------------------------
    67.2  85.1     1    53.0     1    27.7  52.0  0.00   2.2  17.0     6     WSW

Max >=  85.0  1
Max <=  65.0  0
Min <=  60.0 10
Min <=  40.0  0
Max Rain: 0.00 on day 0
Days of Rain: 0 (>= 0.01 in)  0 (>= 0.10 in)  0 (>= 0.50 in)
Heat Base: 65.0  Cool Base: 65.0  Method: Integration