NOAA-Style Climate Reports

Select a Year or Month report
2018: Jan Feb Mar Apr May Jun Jul Aug Sep Oct Nov Dec
2017: Jan Feb Mar Apr May Jun Jul Aug Sep Oct Nov Dec
2016: Jan Feb Mar Apr May Jun Jul Aug Sep Oct Nov Dec
2015: Jan Feb Mar Apr May Jun Jul Aug Sep Oct Nov Dec
2014: Jan Feb Mar Apr May Jun Jul Aug Sep Oct Nov Dec

Report for 2018 May
                   Monthly Climatological Summary for May 2018

Name: KCACAMAR4   City: Camarillo   State: California USA
Elevation: 174 ft  Lat: N 34° 13' 52"   Lon: W 119° 01' 48"

                  Temperature (°F), Rain (in), Wind Speed (mph)

                                      Heat  Cool        Avg
    Mean                              Deg   Deg         Wind                 Dom
Day Temp  High   Time   Low    Time   Days  Days  Rain  Speed High   Time    Dir
----------------------------------------------------------------------------------
 1  56.5  63.7   11:34  51.6   23:57   8.5   0.0  0.00   1.3  14.0   11:17    SW
 2  58.3  67.3   10:41  50.5   01:23   6.8   0.1  0.00   1.5  15.0   13:33   WSW
 3  62.8  75.9   14:51  50.3   06:39   4.9   2.7  0.00   2.0  16.0   13:38   WSW
 4  66.0  85.7   14:58  50.1   05:05   5.0   6.1  0.00   1.9  17.0   12:15   WSW
 5  64.0  81.2   13:45  50.5   06:32   5.3   4.3  0.00   1.6  13.0   12:39   WSW
 6  62.7  79.4   13:41  50.3   06:06   5.9   3.5  0.00   1.4  15.0   16:35   WSW
 7  62.8  77.0   15:06  47.4   06:29   5.8   3.6  0.00   2.0  14.0   11:08   WSW
 8  63.0  79.4   15:04  50.2   06:22   5.2   3.2  0.00   1.9  16.0   17:44   WSW
 9  63.9  77.6   15:21  54.4   04:36   4.4   3.3  0.00   1.6  14.0   14:05   WSW
10  62.5  74.0   11:11  51.9   06:03   5.0   2.5  0.00   1.9  18.0   11:42    SW
11  58.8  64.9   13:32  52.5   03:24   6.2   0.0  0.00   1.1  11.0   14:03   WSW
12  61.4  72.5   14:16  56.1   03:05   4.4   0.8  0.00   1.7  17.0   16:15   WSW
13  62.9  76.0   15:06  54.8   23:57   3.9   1.8  0.00   2.2  17.0   17:36   WSW
14  60.9  72.9   12:07  49.4   06:27   6.0   1.9  0.00   2.2  20.0   12:21   WSW
15  61.4  73.5   11:36  50.0   06:08   5.8   2.2  0.00   2.3  19.0   13:04   WSW
16  62.0  76.3   15:00  48.8   05:47   5.9   2.9  0.00   2.5  17.0   14:07   WSW
17  62.0  75.0   13:27  49.0   06:05   5.7   2.6  0.00   1.9  17.0   12:43   WSW
18  62.4  73.2   14:35  51.5   06:18   4.8   2.2  0.00   1.0  16.0   12:53   WSW
19  60.6  70.2   11:51  50.3   06:00   5.5   1.2  0.00   0.9  13.0   13:35   WSW
20  61.6  72.2   14:28  54.7   00:26   4.4   1.0  0.00   0.9  13.0   12:16   WSW
21  62.6  71.7   14:46  56.5   06:50   3.9   1.5  0.00   0.8  14.0   14:49   WSW
22  63.1  74.1   14:40  55.8   23:59   3.8   1.9  0.00   0.8  16.0   15:57   WSW
----------------------------------------------------------------------------------
    61.9  85.7     4    47.4     7   117.1  49.3  0.00   1.6  20.0    14     WSW

Max >=  85.0:  1
Max <=  65.0:  2
Min <=  60.0: 22
Min <=  40.0:  0
Max Rain: 0.00 on day 0
Days of Rain: 0 (>= 0.01 in)  0 (>= 0.10 in)  0 (>= 0.50 in)
Heat Base: 65.0  Cool Base: 65.0  Method: Integration